{"id":53,"date":"2022-09-27T08:31:54","date_gmt":"2022-09-27T06:31:54","guid":{"rendered":"http:\/\/localhost\/wordpress\/?page_id=53"},"modified":"2022-10-12T09:45:22","modified_gmt":"2022-10-12T07:45:22","slug":"wolontariat","status":"publish","type":"page","link":"https:\/\/www.sp-kiwity.pl\/?page_id=53","title":{"rendered":"Wolontariat"},"content":{"rendered":"\n<p>S\u0142owa <strong>&#8222;<em>WOLONTARIUSZ<\/em><\/strong>&#8221; oraz <strong>&#8222;<em>WOLONTARIAT<\/em>&#8222;<\/strong> pochodz\u0105 z j\u0119zyka \u0142aci\u0144skiego <strong><em>&#8222;WOLONTARIUS&#8221;<\/em><\/strong> co oznacza dobrowolny i ch\u0119tny, zgodny z w\u0142asn\u0105 wola.<\/p>\n\n\n\n<p>Obecnie najbardziej popularna definicja wolontariatu m\u00f3wi, \u017ce wolontariat to dobrowolne, bezp\u0142atne, \u015bwiadome dzia\u0142anie na rzecz innych, wykraczaj\u0105ce poza zwi\u0105zki &#8222;rodzinno-kole\u017ce\u0144sko-przyjacielskie&#8221;. <\/p>\n\n\n\n<p><strong><em>WOLONTARIAT<\/em><\/strong> nie opiera si\u0119 jednak tylko na spontanicznym zaanga\u017cowaniu spo\u0142ecznym &#8211; chodzi w nim o to, aby temu zaanga\u017cowaniu ochotnik\u00f3w nada\u0107 pewne ramy dzia\u0142ania oraz zabezpieczy\u0107 ich interesy np. bezpiecze\u0144stwo. <\/p>\n\n\n\n<p>W powszechnej opinii uwa\u017ca si\u0119, \u017ce <strong><em>WOLONTARIUSZE<\/em><\/strong> s\u0105 osobami, kt\u00f3re podejmuj\u0105 si\u0119 r\u00f3\u017cnych spo\u0142ecznie po\u017cytecznych akcji z potrzeby serca i wewn\u0119trznej motywacji pomagania innym.<\/p>\n\n\n\n<p> To prawda ale\u2026 <strong><em>WOLONTARIAT<\/em><\/strong> to nie tylko niesienie pomocy innym, czy dobra zabawa w trakcie ciekawych akcji. <strong><em>WOLONTARIUSZE<\/em><\/strong> podczas dzia\u0142ania na rzecz innych te\u017c zyskuj\u0105! np. mog\u0105 zdoby\u0107 szereg przydatnych umiej\u0119tno\u015bci oraz nawi\u0105za\u0107 ciekawe kontakty.<br><br><em>Opiekun Sylwia Orszewska<\/em><\/p>\n","protected":false},"excerpt":{"rendered":"<p>S\u0142owa &#8222;WOLONTARIUSZ&#8221; oraz &#8222;WOLONTARIAT&#8222; pochodz\u0105 z j\u0119zyka \u0142aci\u0144skiego &#8222;WOLONTARIUS&#8221; co oznacza dobrowolny i ch\u0119tny, zgodny z w\u0142asn\u0105 wola. Obecnie najbardziej<\/p>\n","protected":false},"author":3,"featured_media":0,"parent":0,"menu_order":0,"comment_status":"closed","ping_status":"closed","template":"","meta":{"footnotes":""},"class_list":["post-53","page","type-page","status-publish","hentry","comments-off"],"_links":{"self":[{"href":"https:\/\/www.sp-kiwity.pl\/index.php?rest_route=\/wp\/v2\/pages\/53","targetHints":{"allow":["GET"]}}],"collection":[{"href":"https:\/\/www.sp-kiwity.pl\/index.php?rest_route=\/wp\/v2\/pages"}],"about":[{"href":"https:\/\/www.sp-kiwity.pl\/index.php?rest_route=\/wp\/v2\/types\/page"}],"author":[{"embeddable":true,"href":"https:\/\/www.sp-kiwity.pl\/index.php?rest_route=\/wp\/v2\/users\/3"}],"replies":[{"embeddable":true,"href":"https:\/\/www.sp-kiwity.pl\/index.php?rest_route=%2Fwp%2Fv2%2Fcomments&post=53"}],"version-history":[{"count":5,"href":"https:\/\/www.sp-kiwity.pl\/index.php?rest_route=\/wp\/v2\/pages\/53\/revisions"}],"predecessor-version":[{"id":291,"href":"https:\/\/www.sp-kiwity.pl\/index.php?rest_route=\/wp\/v2\/pages\/53\/revisions\/291"}],"wp:attachment":[{"href":"https:\/\/www.sp-kiwity.pl\/index.php?rest_route=%2Fwp%2Fv2%2Fmedia&parent=53"}],"curies":[{"name":"wp","href":"https:\/\/api.w.org\/{rel}","templated":true}]}}