{"id":79,"date":"2022-09-27T08:44:51","date_gmt":"2022-09-27T06:44:51","guid":{"rendered":"http:\/\/localhost\/wordpress\/?page_id=79"},"modified":"2025-02-06T10:54:44","modified_gmt":"2025-02-06T09:54:44","slug":"rekrutacja","status":"publish","type":"page","link":"https:\/\/www.sp-kiwity.pl\/?page_id=79","title":{"rendered":"Dokumenty przedszkolne"},"content":{"rendered":"\n<ol class=\"wp-block-list\">\n<li><a rel=\"noreferrer noopener\" href=\"https:\/\/www.sp-kiwity.pl\/wp-content\/uploads\/2022\/11\/Regulamin-oddzialow-przedszkolnych-przy-Szkole-Podstawowej-w-Kiwitach-l1omo0vf-1.pdf\" target=\"_blank\">Regulamin oddzia\u0142\u00f3w przedszkolnych<\/a><\/li>\n\n\n\n<li><a rel=\"noreferrer noopener\" href=\"https:\/\/www.sp-kiwity.pl\/wp-content\/uploads\/2022\/11\/Regulamin-Rekrutacji-do-oddzialow-przedszkolnych-na-rok-szkolny-2022-2023-l1omo1ml.pdf\" target=\"_blank\">Regulamin rekrutacji<\/a><\/li>\n\n\n\n<li><a href=\"https:\/\/www.sp-kiwity.pl\/wp-content\/uploads\/2025\/02\/Zalacznik-nr-1-Harmonogram-rekrutacji.pdf\" target=\"_blank\" rel=\"noreferrer noopener\">Harmonogram rekrutacji<\/a><\/li>\n\n\n\n<li><a href=\"https:\/\/www.sp-kiwity.pl\/wp-content\/uploads\/2025\/02\/Zalacznik-nr-3-Wniosek-o-przyjecie-do-OP.pdf\" target=\"_blank\" rel=\"noreferrer noopener\">Wniosek o przyj\u0119cie dziecka do oddzia\u0142\u00f3w przedszkolnych<\/a><\/li>\n\n\n\n<li><a href=\"https:\/\/www.sp-kiwity.pl\/wp-content\/uploads\/2024\/03\/Zalacznik-nr-2-Wniosek-o-kontynuacje.pdf\" target=\"_blank\" rel=\"noreferrer noopener\">Wniosek o kontynuacje<\/a><\/li>\n\n\n\n<li><a href=\"https:\/\/www.sp-kiwity.pl\/wp-content\/uploads\/2022\/11\/UPOWAZNIENIE-DO-ODBIORU-DZIECKA-zalacznik-nr-4-l1omo21o.pdf\" target=\"_blank\" rel=\"noreferrer noopener\">Upowa\u017cnienie do odbioru dziecka<\/a><br><\/li>\n<\/ol>\n","protected":false},"excerpt":{"rendered":"","protected":false},"author":3,"featured_media":0,"parent":0,"menu_order":0,"comment_status":"closed","ping_status":"closed","template":"","meta":{"footnotes":""},"class_list":["post-79","page","type-page","status-publish","hentry","comments-off"],"_links":{"self":[{"href":"https:\/\/www.sp-kiwity.pl\/index.php?rest_route=\/wp\/v2\/pages\/79","targetHints":{"allow":["GET"]}}],"collection":[{"href":"https:\/\/www.sp-kiwity.pl\/index.php?rest_route=\/wp\/v2\/pages"}],"about":[{"href":"https:\/\/www.sp-kiwity.pl\/index.php?rest_route=\/wp\/v2\/types\/page"}],"author":[{"embeddable":true,"href":"https:\/\/www.sp-kiwity.pl\/index.php?rest_route=\/wp\/v2\/users\/3"}],"replies":[{"embeddable":true,"href":"https:\/\/www.sp-kiwity.pl\/index.php?rest_route=%2Fwp%2Fv2%2Fcomments&post=79"}],"version-history":[{"count":15,"href":"https:\/\/www.sp-kiwity.pl\/index.php?rest_route=\/wp\/v2\/pages\/79\/revisions"}],"predecessor-version":[{"id":2591,"href":"https:\/\/www.sp-kiwity.pl\/index.php?rest_route=\/wp\/v2\/pages\/79\/revisions\/2591"}],"wp:attachment":[{"href":"https:\/\/www.sp-kiwity.pl\/index.php?rest_route=%2Fwp%2Fv2%2Fmedia&parent=79"}],"curies":[{"name":"wp","href":"https:\/\/api.w.org\/{rel}","templated":true}]}}