{"id":91,"date":"2022-09-27T14:12:19","date_gmt":"2022-09-27T12:12:19","guid":{"rendered":"http:\/\/localhost\/wordpress\/?page_id=91"},"modified":"2022-11-04T10:54:36","modified_gmt":"2022-11-04T09:54:36","slug":"stolowka","status":"publish","type":"page","link":"https:\/\/www.sp-kiwity.pl\/?page_id=91","title":{"rendered":"Sto\u0142\u00f3wka"},"content":{"rendered":"\n<figure class=\"wp-block-table is-style-stripes\"><table class=\"has-fixed-layout\"><thead><tr><th><strong>Grupa 3 &#8211; 5 latk\u00f3w<\/strong><\/th><th><strong>Cena<\/strong><\/th><\/tr><\/thead><tbody><tr><td>Zupa<\/td><td>1,25 z\u0142<\/td><\/tr><tr><td>Obiad pe\u0142ny<\/td><td>3,50 z\u0142<\/td><\/tr><\/tbody><\/table><\/figure>\n\n\n\n<figure class=\"wp-block-table is-style-stripes\"><table class=\"has-fixed-layout\"><thead><tr><th><strong>Uczniowie<\/strong><\/th><th><strong>Cena<\/strong><\/th><\/tr><\/thead><tbody><tr><td>Zupa<\/td><td>2,50 z\u0142<\/td><\/tr><tr><td>Drugie danie<\/td><td>4,50 z\u0142<\/td><\/tr><tr><td>Obiad pe\u0142ny<\/td><td>7,00 z\u0142<\/td><\/tr><\/tbody><\/table><\/figure>\n\n\n\n<figure class=\"wp-block-table is-style-stripes\"><table class=\"has-fixed-layout\"><thead><tr><th><strong>Pracownicy<\/strong><\/th><th><strong>Cena<\/strong><\/th><\/tr><\/thead><tbody><tr><td>Zupa<\/td><td>5,00 z\u0142<\/td><\/tr><tr><td>Drugie danie<\/td><td>9,00 z\u0142<\/td><\/tr><tr><td>Obiad pe\u0142ny<\/td><td>14,00 z\u0142<\/td><\/tr><\/tbody><\/table><\/figure>\n\n\n\n<ul class=\"wp-block-list\">\n<li><a href=\"https:\/\/www.sp-kiwity.pl\/?page_id=723\"><strong><mark style=\"background-color:rgba(0, 0, 0, 0)\" class=\"has-inline-color has-accent-color\">Jad\u0142ospis<\/mark><\/strong><\/a><\/li>\n\n\n\n<li>Op\u0142aty za obiady nale\u017cy wnosi\u0107 do 10-tego ka\u017cdego miesi\u0105ca.<\/li>\n\n\n\n<li>Mo\u017cna zg\u0142asza\u0107 nieobecno\u015b\u0107 dziecka w szkole powy\u017cej trzech dni.<\/li>\n\n\n\n<li>Op\u0142ata miesi\u0119czna : stawka razy ilo\u015b\u0107 dni w danym miesi\u0105cu.<\/li>\n\n\n\n<li><a rel=\"noreferrer noopener\" href=\"https:\/\/www.sp-kiwity.pl\/wp-content\/uploads\/2022\/11\/REGULAMIN-KORZYSTANIA-Z-OBIADOW-W-STOLOWCE-SZKOLNEJ-key29f0v-1.pdf\" target=\"_blank\"><mark style=\"background-color:rgba(0, 0, 0, 0)\" class=\"has-inline-color has-accent-color\">Regulamin sto\u0142\u00f3wki szkolnej<\/mark><\/a><\/li>\n\n\n\n<li><a href=\"https:\/\/www.sp-kiwity.pl\/wp-content\/uploads\/2022\/11\/Oswiadczenie-rodzica-key29e3z.pdf\"><mark style=\"background-color:rgba(0, 0, 0, 0)\" class=\"has-inline-color has-accent-color\">O\u015bwiadczenie rodzica\/opiekuna prawnego <\/mark><\/a><\/li>\n<\/ul>\n","protected":false},"excerpt":{"rendered":"<p>Grupa 3 &#8211; 5 latk\u00f3w Cena Zupa 1,25 z\u0142 Obiad pe\u0142ny 3,50 z\u0142 Uczniowie Cena Zupa 2,50 z\u0142 Drugie danie<\/p>\n","protected":false},"author":3,"featured_media":0,"parent":0,"menu_order":0,"comment_status":"closed","ping_status":"closed","template":"","meta":{"footnotes":""},"class_list":["post-91","page","type-page","status-publish","hentry","comments-off"],"_links":{"self":[{"href":"https:\/\/www.sp-kiwity.pl\/index.php?rest_route=\/wp\/v2\/pages\/91","targetHints":{"allow":["GET"]}}],"collection":[{"href":"https:\/\/www.sp-kiwity.pl\/index.php?rest_route=\/wp\/v2\/pages"}],"about":[{"href":"https:\/\/www.sp-kiwity.pl\/index.php?rest_route=\/wp\/v2\/types\/page"}],"author":[{"embeddable":true,"href":"https:\/\/www.sp-kiwity.pl\/index.php?rest_route=\/wp\/v2\/users\/3"}],"replies":[{"embeddable":true,"href":"https:\/\/www.sp-kiwity.pl\/index.php?rest_route=%2Fwp%2Fv2%2Fcomments&post=91"}],"version-history":[{"count":26,"href":"https:\/\/www.sp-kiwity.pl\/index.php?rest_route=\/wp\/v2\/pages\/91\/revisions"}],"predecessor-version":[{"id":750,"href":"https:\/\/www.sp-kiwity.pl\/index.php?rest_route=\/wp\/v2\/pages\/91\/revisions\/750"}],"wp:attachment":[{"href":"https:\/\/www.sp-kiwity.pl\/index.php?rest_route=%2Fwp%2Fv2%2Fmedia&parent=91"}],"curies":[{"name":"wp","href":"https:\/\/api.w.org\/{rel}","templated":true}]}}